{"id":274,"date":"2024-07-22T20:02:43","date_gmt":"2024-07-22T18:02:43","guid":{"rendered":"https:\/\/stadtkapelle-illertissen.de\/?page_id=274"},"modified":"2024-07-22T20:02:43","modified_gmt":"2024-07-22T18:02:43","slug":"jubilaeum-2025","status":"publish","type":"page","link":"https:\/\/stadtkapelle-illertissen.de\/?page_id=274","title":{"rendered":"Jubil\u00e4um"},"content":{"rendered":"\n<p><strong>Feiert mit uns unser Jubil\u00e4um im Jahr 2025!<\/strong><\/p>\n\n\n\n<p>Im Jahr 2025 haben wir einen ganz besonderen Anlass zu feiern \u2013 unser 150-j\u00e4hriges Jubil\u00e4um! Freut Euch auf ein Jahr voller Musik, Erinnerungen und besonderer Momente.<\/p>\n\n\n\n<p>N\u00e4here Informationen zu den einzelnen Events und wie Ihr daran teilnehmen k\u00f6nnt, werden wir in K\u00fcrze hier auf unserer Homepage bekannt geben. Schaut regelm\u00e4\u00dfig vorbei, um keine Neuigkeiten zu verpassen. Lasst uns gemeinsam dieses besondere Jubil\u00e4um feiern und auf viele weitere erfolgreiche Jahre ansto\u00dfen!<\/p>\n\n\n\n<p>Vorab f\u00fcr Euch ein paar Eckdaten:<\/p>\n\n\n\n<ul class=\"wp-block-list\">\n<li>Freitag, 25. April 2025 &#8211; Festakt in der historischen Schranne Illertissen<\/li>\n\n\n\n<li>Samstag, 26. April 2025 &#8211; Wertungsspiele in der V\u00f6hlinhalle Illertissen (mit Rahmenprogramm)<\/li>\n\n\n\n<li>Samstag, 26. April 2025 &#8211; Partyabend in der Kollegsaula Illertissen<\/li>\n<\/ul>\n\n\n\n<p>Die Anmeldung f\u00fcr das Wertungsspiel ist derzeit noch nicht m\u00f6glich. Sobald die Anmeldung freigeschalten wird, erscheint in der Men\u00fcleiste der Men\u00fcpunkt &#8222;Wertungsspiele&#8220;.<\/p>\n\n\n\n<p>M\u00f6chtest Du vorab Kontakt zu uns aufnehmen, kannst Du dies \u00fcber folgende Ansprechpartner machen:<\/p>\n\n\n\n<ul class=\"wp-block-list\">\n<li>Birgit Kundela (<a href=\"mailto:jubilaeum@stadtkapelle-illertissen.de\">jubilaeum@stadtkapelle-illertissen.de<\/a>)<\/li>\n\n\n\n<li>Annabel und Teresa Lambacher (<a href=\"mailto:wertungsspiele@stadtkapelle-illertissen.de\">wertungsspiele@stadtkapelle-illertissen.de<\/a>)<\/li>\n<\/ul>\n\n\n\n<p>Eure Stadtkapelle Illertissen e.V.<\/p>\n\n\n\n<p><\/p>\n","protected":false},"excerpt":{"rendered":"<p>Feiert mit uns unser Jubil\u00e4um im Jahr 2025! Im Jahr 2025 haben wir einen ganz besonderen Anlass zu feiern \u2013 unser 150-j\u00e4hriges Jubil\u00e4um! Freut Euch auf ein Jahr voller Musik, Erinnerungen und besonderer Momente. N\u00e4here Informationen zu den einzelnen Events und wie Ihr daran teilnehmen k\u00f6nnt, werden wir in K\u00fcrze hier auf unserer Homepage bekannt [&hellip;]<\/p>\n","protected":false},"author":1,"featured_media":0,"parent":0,"menu_order":0,"comment_status":"closed","ping_status":"closed","template":"","meta":{"site-sidebar-layout":"default","site-content-layout":"","ast-site-content-layout":"default","site-content-style":"default","site-sidebar-style":"default","ast-global-header-display":"","ast-banner-title-visibility":"","ast-main-header-display":"","ast-hfb-above-header-display":"","ast-hfb-below-header-display":"","ast-hfb-mobile-header-display":"","site-post-title":"","ast-breadcrumbs-content":"","ast-featured-img":"","footer-sml-layout":"","ast-disable-related-posts":"","theme-transparent-header-meta":"","adv-header-id-meta":"","stick-header-meta":"","header-above-stick-meta":"","header-main-stick-meta":"","header-below-stick-meta":"","astra-migrate-meta-layouts":"default","ast-page-background-enabled":"default","ast-page-background-meta":{"desktop":{"background-color":"var(--ast-global-color-5)","background-image":"","background-repeat":"repeat","background-position":"center center","background-size":"auto","background-attachment":"scroll","background-type":"","background-media":"","overlay-type":"","overlay-color":"","overlay-opacity":"","overlay-gradient":""},"tablet":{"background-color":"","background-image":"","background-repeat":"repeat","background-position":"center center","background-size":"auto","background-attachment":"scroll","background-type":"","background-media":"","overlay-type":"","overlay-color":"","overlay-opacity":"","overlay-gradient":""},"mobile":{"background-color":"","background-image":"","background-repeat":"repeat","background-position":"center center","background-size":"auto","background-attachment":"scroll","background-type":"","background-media":"","overlay-type":"","overlay-color":"","overlay-opacity":"","overlay-gradient":""}},"ast-content-background-meta":{"desktop":{"background-color":"var(--ast-global-color-4)","background-image":"","background-repeat":"repeat","background-position":"center center","background-size":"auto","background-attachment":"scroll","background-type":"","background-media":"","overlay-type":"","overlay-color":"","overlay-opacity":"","overlay-gradient":""},"tablet":{"background-color":"var(--ast-global-color-4)","background-image":"","background-repeat":"repeat","background-position":"center center","background-size":"auto","background-attachment":"scroll","background-type":"","background-media":"","overlay-type":"","overlay-color":"","overlay-opacity":"","overlay-gradient":""},"mobile":{"background-color":"var(--ast-global-color-4)","background-image":"","background-repeat":"repeat","background-position":"center center","background-size":"auto","background-attachment":"scroll","background-type":"","background-media":"","overlay-type":"","overlay-color":"","overlay-opacity":"","overlay-gradient":""}},"footnotes":""},"class_list":["post-274","page","type-page","status-publish","hentry"],"_links":{"self":[{"href":"https:\/\/stadtkapelle-illertissen.de\/index.php?rest_route=\/wp\/v2\/pages\/274","targetHints":{"allow":["GET"]}}],"collection":[{"href":"https:\/\/stadtkapelle-illertissen.de\/index.php?rest_route=\/wp\/v2\/pages"}],"about":[{"href":"https:\/\/stadtkapelle-illertissen.de\/index.php?rest_route=\/wp\/v2\/types\/page"}],"author":[{"embeddable":true,"href":"https:\/\/stadtkapelle-illertissen.de\/index.php?rest_route=\/wp\/v2\/users\/1"}],"replies":[{"embeddable":true,"href":"https:\/\/stadtkapelle-illertissen.de\/index.php?rest_route=%2Fwp%2Fv2%2Fcomments&post=274"}],"version-history":[{"count":0,"href":"https:\/\/stadtkapelle-illertissen.de\/index.php?rest_route=\/wp\/v2\/pages\/274\/revisions"}],"wp:attachment":[{"href":"https:\/\/stadtkapelle-illertissen.de\/index.php?rest_route=%2Fwp%2Fv2%2Fmedia&parent=274"}],"curies":[{"name":"wp","href":"https:\/\/api.w.org\/{rel}","templated":true}]}}